{"id":21,"date":"2022-10-15T06:05:55","date_gmt":"2022-10-15T04:05:55","guid":{"rendered":"https:\/\/serwer1900736.home.pl\/Wordpress\/WordpressEN\/?page_id=21"},"modified":"2022-12-12T09:18:56","modified_gmt":"2022-12-12T08:18:56","slug":"produkte","status":"publish","type":"page","link":"https:\/\/www.aquarius-polska.com\/Wordpress\/WordpressDE\/produkte\/","title":{"rendered":"PRODUKTE"},"content":{"rendered":"\t\t<div data-elementor-type=\"wp-page\" data-elementor-id=\"21\" class=\"elementor elementor-21\">\n\t\t\t\t\t\t<section class=\"elementor-section elementor-top-section elementor-element elementor-element-28a73a7 elementor-section-boxed elementor-section-height-default elementor-section-height-default\" data-id=\"28a73a7\" data-element_type=\"section\">\n\t\t\t\t\t\t<div class=\"elementor-container elementor-column-gap-default\">\n\t\t\t\t\t<div class=\"elementor-column elementor-col-100 elementor-top-column elementor-element elementor-element-5a5e202\" data-id=\"5a5e202\" data-element_type=\"column\">\n\t\t\t<div class=\"elementor-widget-wrap elementor-element-populated\">\n\t\t\t\t\t\t<div class=\"elementor-element elementor-element-d11c21f elementor-widget elementor-widget-heading\" data-id=\"d11c21f\" data-element_type=\"widget\" data-widget_type=\"heading.default\">\n\t\t\t\t<div class=\"elementor-widget-container\">\n\t\t\t\t\t<h2 class=\"elementor-heading-title elementor-size-default\">PRODUKTE<\/h2>\t\t\t\t<\/div>\n\t\t\t\t<\/div>\n\t\t\t\t\t<\/div>\n\t\t<\/div>\n\t\t\t\t\t<\/div>\n\t\t<\/section>\n\t\t\t\t<section class=\"elementor-section elementor-top-section elementor-element elementor-element-20f4fb4 elementor-section-boxed elementor-section-height-default elementor-section-height-default\" data-id=\"20f4fb4\" data-element_type=\"section\">\n\t\t\t\t\t\t<div class=\"elementor-container elementor-column-gap-default\">\n\t\t\t\t\t<div class=\"elementor-column elementor-col-100 elementor-top-column elementor-element elementor-element-4ea1536\" data-id=\"4ea1536\" data-element_type=\"column\">\n\t\t\t<div class=\"elementor-widget-wrap elementor-element-populated\">\n\t\t\t\t\t\t<section class=\"elementor-section elementor-inner-section elementor-element elementor-element-8008413 elementor-section-boxed elementor-section-height-default elementor-section-height-default\" data-id=\"8008413\" data-element_type=\"section\">\n\t\t\t\t\t\t<div class=\"elementor-container elementor-column-gap-default\">\n\t\t\t\t\t<div class=\"elementor-column elementor-col-50 elementor-inner-column elementor-element elementor-element-6439945\" data-id=\"6439945\" data-element_type=\"column\">\n\t\t\t<div class=\"elementor-widget-wrap elementor-element-populated\">\n\t\t\t\t\t\t<div class=\"elementor-element elementor-element-a633dc2 elementor-widget elementor-widget-text-editor\" data-id=\"a633dc2\" data-element_type=\"widget\" data-widget_type=\"text-editor.default\">\n\t\t\t\t<div class=\"elementor-widget-container\">\n\t\t\t\t\t\t\t\t\t<p>Wir bieten komplexe Dienstleistungen bei der Projektumsetzung von technologischen Anlagen und Ger\u00e4ten zur Lagerung und Dosierung von Chemikalien. Sie beinhalten:<\/p><ul><li>Planung von individueller L\u00f6sungen auf Basis der Angaben des Auftraggebers unter Ber\u00fccksichtigung der Umsetzungsm\u00f6glichkeiten<\/li><li>Ingenieur-Planung einschlie\u00dflich Erstellung der vollst\u00e4ndigen technischen Dokumentation unter Ber\u00fccksichtigung von Sicherheitsanforderungen und gesetzlichen Vorschriften<\/li><li>Umfassende Ausf\u00fchrung und Montage der Elemente am Zielort<\/li><li>Inbetriebnahme der Anlage, die einen ordnungsgem\u00e4\u00dfen und sicheren Betrieb versichert<\/li><li>Service von gelieferten Ger\u00e4ten<\/li><\/ul><p>Jedes Projekt wird einer individuellen Analyse unterzogen, um die Bed\u00fcrfnisse unserer Kunden optimal zu erf\u00fcllen. L\u00f6sungen, die wir anbieten haben ein breites Anwendungsspektrum und werden nicht nur in der chemischen Industrie, sondern auch in anderen Branchen eingesetzt. Je nach Betriebsparametern, Widerstandsgrad oder mechanischen Belastungen verwenden wir zur Herstellung verschiedene thermoplastische Werkstoffe. Bei unserer T\u00e4tigkeit verlassen wir uns auf Materialien von anerkannten Marken und Lieferanten, die unter industriellen Arbeitsbedingungen getestet wurden und \u00fcber entsprechende Materialzertifikate verf\u00fcgen.<\/p><p>F\u00fcr die Herstellung unserer Ger\u00e4te verwenden wir haupts\u00e4chlich Materialien wie:<\/p><p><strong>\u2013 PE<\/strong><br \/><strong>\u2013 PP<\/strong><br \/><strong>\u2013 PVC-U<\/strong><br \/><strong>\u2013 PVDF<\/strong><\/p>\t\t\t\t\t\t\t\t<\/div>\n\t\t\t\t<\/div>\n\t\t\t\t\t<\/div>\n\t\t<\/div>\n\t\t\t\t<div class=\"elementor-column elementor-col-50 elementor-inner-column elementor-element elementor-element-ff64ee4\" data-id=\"ff64ee4\" data-element_type=\"column\">\n\t\t\t<div class=\"elementor-widget-wrap elementor-element-populated\">\n\t\t\t\t\t\t<div class=\"elementor-element elementor-element-51837c0 elementor-widget elementor-widget-text-editor\" data-id=\"51837c0\" data-element_type=\"widget\" data-widget_type=\"text-editor.default\">\n\t\t\t\t<div class=\"elementor-widget-container\">\n\t\t\t\t\t\t\t\t\t<p>Das Halbzeug f\u00fcr unsere Produktion sind die oben genannten Materialien, die in Form von flachen Blechen und Wickelrohren an das Werk geliefert werden.<\/p><p>Der Umfang unserer Produktion umfasst unter anderem die Ausf\u00fchrung von:<br \/>\u2013 technologische Beh\u00e4lters f\u00fcr Chemikalien<br \/>\u2013 Trinkwasserspeicher in Einrichtungen<br \/>\u2013 Paletten und Sicherheitswannen<br \/>\u2013 Auffangwannen<br \/>\u2013 Rohrleitungen<br \/>\u2013 Apparate (Mischer, Absetzbecken, Separatoren, W\u00e4scher usw.)<br \/>\u2013 Sch\u00e4chte<br \/>\u2013 Dosier- und Lageranlagen f\u00fcr Chemikalien<\/p><p><strong>Bei Transportbeschr\u00e4nkungen oder eingeschr\u00e4nktem Zugang zum Zielraum k\u00f6nnen die von uns gelieferten Ger\u00e4te vor Ort aus vorgefertigten Elementen (Kellerr\u00e4ume mit eingeschr\u00e4nkter Montage\u00f6ffnung) gefertigt werden.<\/strong><\/p><p>In Absprache mit dem Kunden planen wir einen passenden Termin f\u00fcr den Ablauf der Montagearbeiten. Wir bewerten Logistik- und Standortm\u00f6glichkeiten, um den besten Service und die rechtzeitige Inbetriebnahme der Ger\u00e4te sicherzustellen. Dar\u00fcber hinaus ersetzen, modernisieren und warten wir auch bestehende L\u00f6sungen im Werk des Kunden.<\/p>\t\t\t\t\t\t\t\t<\/div>\n\t\t\t\t<\/div>\n\t\t\t\t\t<\/div>\n\t\t<\/div>\n\t\t\t\t\t<\/div>\n\t\t<\/section>\n\t\t\t\t\t<\/div>\n\t\t<\/div>\n\t\t\t\t\t<\/div>\n\t\t<\/section>\n\t\t\t\t<section class=\"elementor-section elementor-top-section elementor-element elementor-element-3bd6b39 elementor-section-boxed elementor-section-height-default elementor-section-height-default\" data-id=\"3bd6b39\" data-element_type=\"section\">\n\t\t\t\t\t\t<div class=\"elementor-container elementor-column-gap-default\">\n\t\t\t\t\t<div class=\"elementor-column elementor-col-100 elementor-top-column elementor-element elementor-element-9180600\" data-id=\"9180600\" data-element_type=\"column\">\n\t\t\t<div class=\"elementor-widget-wrap\">\n\t\t\t\t\t\t\t<\/div>\n\t\t<\/div>\n\t\t\t\t\t<\/div>\n\t\t<\/section>\n\t\t\t\t<\/div>\n\t\t","protected":false},"excerpt":{"rendered":"<p>PRODUKTE Wir bieten komplexe Dienstleistungen bei der Projektumsetzung von technologischen Anlagen und Ger\u00e4ten zur Lagerung und Dosierung von Chemikalien. Sie beinhalten: Planung von individueller L\u00f6sungen auf Basis der Angaben des Auftraggebers unter Ber\u00fccksichtigung der Umsetzungsm\u00f6glichkeiten Ingenieur-Planung einschlie\u00dflich Erstellung der vollst\u00e4ndigen technischen Dokumentation unter Ber\u00fccksichtigung von Sicherheitsanforderungen und gesetzlichen Vorschriften Umfassende Ausf\u00fchrung und Montage der Elemente&#8230;<\/p>\n","protected":false},"author":1,"featured_media":0,"parent":0,"menu_order":0,"comment_status":"closed","ping_status":"closed","template":"","meta":{"_kadence_starter_templates_imported_post":false,"_kad_post_transparent":"","_kad_post_title":"hide","_kad_post_layout":"fullwidth","_kad_post_sidebar_id":"","_kad_post_content_style":"unboxed","_kad_post_vertical_padding":"hide","_kad_post_feature":"hide","_kad_post_feature_position":"","_kad_post_header":false,"_kad_post_footer":false,"footnotes":""},"class_list":["post-21","page","type-page","status-publish","hentry"],"_links":{"self":[{"href":"https:\/\/www.aquarius-polska.com\/Wordpress\/WordpressDE\/wp-json\/wp\/v2\/pages\/21","targetHints":{"allow":["GET"]}}],"collection":[{"href":"https:\/\/www.aquarius-polska.com\/Wordpress\/WordpressDE\/wp-json\/wp\/v2\/pages"}],"about":[{"href":"https:\/\/www.aquarius-polska.com\/Wordpress\/WordpressDE\/wp-json\/wp\/v2\/types\/page"}],"author":[{"embeddable":true,"href":"https:\/\/www.aquarius-polska.com\/Wordpress\/WordpressDE\/wp-json\/wp\/v2\/users\/1"}],"replies":[{"embeddable":true,"href":"https:\/\/www.aquarius-polska.com\/Wordpress\/WordpressDE\/wp-json\/wp\/v2\/comments?post=21"}],"version-history":[{"count":41,"href":"https:\/\/www.aquarius-polska.com\/Wordpress\/WordpressDE\/wp-json\/wp\/v2\/pages\/21\/revisions"}],"predecessor-version":[{"id":2058,"href":"https:\/\/www.aquarius-polska.com\/Wordpress\/WordpressDE\/wp-json\/wp\/v2\/pages\/21\/revisions\/2058"}],"wp:attachment":[{"href":"https:\/\/www.aquarius-polska.com\/Wordpress\/WordpressDE\/wp-json\/wp\/v2\/media?parent=21"}],"curies":[{"name":"wp","href":"https:\/\/api.w.org\/{rel}","templated":true}]}}